*f + 3*f - 31. Let r(j) = -j**3 - 6*j**2 + 3*j + 8. Give r(i).
-10
Let c(k) = -k. Suppose 40 + 40 = -10*w. Calculate c(w).
8
Suppose 37 = 8*q - 67. Let n(y) = q*y - y - 8*y. Let b = -4 - -6. Give n(b).
8
Let p(g) = -2*g - 6. Let z(k) be the third derivative of -k**5/60 - 5*k**4/12 + 8*k**3/3 + 15*k**2. Let y be z(-11). Calculate p(y).
-16
Let p(l) be the second derivative of l**4/12 + l**3/3 + l**2 + l. Suppose -2*c + 2*h - 139 = 3*c, -2*c = h + 52. Let z be (c/18)/(3/4). Give p(z).
2
Let q(k) = 7*k - 13 + 20 - 9. What is q(2)?
12
Let b be 2*21/(-14)*224/(-6). Let h(s) = b*s**3 - 4*s**2 + 3*s**2 - 98*s**3. Calculate h(1).
13
Let t(k) = 20 - 14 - 15 + 5*k - 6. Let a(q) = 3 + 0 - 2 + 0. Let n(s) = 15*a(s) + t(s). What is n(-1)?
-5
Let a(b) = b**3 + 9*b**2 - 9*b + 5. Suppose 0*l + 4*l = 16. Suppose -l*h = 5*o + 40, -5*h = o + 11 + 39. Determine a(h).
-5
Let h(q) be the third derivative of 5/24*q**4 - 4/3*q**3 + 9*q**2 + 0*q + 1/60*q**5 + 0. What is h(-6)?
-2
Let s(i) be the third derivative of 0*i + i**2 + 0 + 1/24*i**4 + 2/3*i**3. Let l be ((-4)/4 + 3/3)/2. Give s(l).
4
Let q = 148 + -77. Let v = 71 - q. Let r(p) = -p**3 + p**2 + p + 11. What is r(v)?
11
Let m(r) be the second derivative of -14*r + 0 + 1/20*r**5 - 1/6*r**3 + 0*r**2 + 0*r**4. Give m(2).
6
Let b(f) be the first derivative of f**3/3 + 2*f**2 - 3*f + 117. Calculate b(-4).
-3
Let d(j) be the first derivative of -3*j**3 - j**2/2 + 14. Let f(q) = -q**2 + 6*q - 6. Let c be f(4). Let k = c - 1. Calculate d(k).
-10
Suppose 2*s - 48 = 2*n, 4*s + 3*n - 110 = -0*n. Suppose -6*d = -s + 2. Let i(v) = 1 + v**2 + 0 + 2 + 0*v**2 - 6*v. Calculate i(d).
-5
Let f be ((-20)/(-8))/(2/4). Let m(x) = x**2 - 1. Let b(r) = -r**2 + 4*r**2 - 6*r**2 + 7 + 5*r - 2*r**2. Let v(w) = -b(w) - 4*m(w). What is v(f)?
-3
Suppose -3*q + 0*g + 14 = -g, 6 = 2*q - 4*g. Let z(x) be the third derivative of 1/60*x**q + 0*x + 0 - 1/4*x**4 + 2*x**2 + x**3. Give z(5).
1
Let r(s) = 2*s**2 - 3*s - 5. Suppose -2 = 20*o - 19*o. What is r(o)?
9
Let c(p) = -4*p - 3. Let x be (-2)/2 + (11 - -28). Let l be -6 - (x/(-8) + (-15)/(-20)). Determine c(l).
5
Let q(t) be the second derivative of -t**4/8 - 2*t**3/3 - 3*t**2/2 - 30*t. Let m(y) be the first derivative of q(y). What is m(-5)?
11
Let y(b) = 5*b + 47. Suppose 4*k - n + 13 + 32 = 0, -n - 25 = 3*k. Calculate y(k).
-3
Let i(t) = 4*t - 16. Let l(n) = -n + 3. Let v(p) = -i(p) - 6*l(p). Give v(0).
-2
Let s(i) = -2*i - 1. Let f(k) = 2*k + 5. Let w(y) = f(y) + 2*s(y). Give w(3).
-3
Let j(q) = 2 + 4*q + 6*q - 3*q**2 + 0*q**2 + q**2. Let i be j(5). Let w(g) = -3 + 3*g + 5*g**2 - 4*g**i - 2 - 6*g. Give w(5).
5
Let t(w) = -553*w - 4 + 6 - 3*w**2 + 276*w + 275*w. Suppose 2*v - 7*v = 25. Let x be v + 1 - (-1 - 1). Calculate t(x).
-6
Let f(n) = n**2 - 4*n - 3. Let b be 0 + 2 + -3 - (-56 - -49). What is f(b)?
9
Suppose -l = 4, 8*l = -3*n + 4*l - 10. Let i = -4 + n. Let r(s) = -5 + 6 + 1 - s + 0. What is r(i)?
4
Let c(x) = -13*x + 48*x - 4 - 20*x - 17*x. Calculate c(-9).
14
Suppose -6*r = 93 - 15. Let w = r - -5. Let o(i) = i + 3. Give o(w).
-5
Let n(i) = i + 2. Suppose -2*h = h + 15. Let p = h - -13. Suppose r - p - 10 = 3*j, -j = r + 2. What is n(j)?
-3
Let u(f) = -2*f + 8. Let i(k) = 4*k - 6. Let z(s) = -2*i(s) - 3*u(s). Determine z(-5).
-2
Let g be 11 + -7 + (8 - 9). Let l(b) = -1 - b**2 + b**3 - 3*b**2 + 4*b - 2. What is l(g)?
0
Let q(h) be the third derivative of -h**5/60 + h**4/3 + 25*h**3/6 - 42*h**2 + 1. Give q(10).
5
Suppose 5*n - 3*u - 17 = 2, 0 = -4*n + 3*u + 17. Let g(o) be the first derivative of o**4/4 - o**3 + o + 2. What is g(n)?
-3
Let g(w) = w**2 - 15*w + 22. Let v be g(13). Let r(z) = z**3 + 5*z**2 + 3*z + 5. Calculate r(v).
9
Let z be -5*(2 + 24/(-15)). Let n(l) be the second derivative of 2*l**3/3 + 3*l**2/2 - 39*l - 1. What is n(z)?
-5
Let g(a) = -20*a**2 - 1. Let r = 53 - 9. Let y be 5*(2 + r/(-20)). What is g(y)?
-21
Let z(j) be the third derivative of j**4/8 - 13*j**3/3 + 181*j**2. What is z(11)?
7
Let u(i) = 153 + 0*i**3 + i**3 + 2*i - 152 - i**2 + 2*i**2. Determine u(-1).
-1
Let w be 8/((-2)/4 + 1). Suppose 4*c - o - 19 = 4*o, w = 2*c + 4*o. Let r(g) = 2*g. Calculate r(c).
12
Let j(m) = -m + 1. Let c be j(-5). Let t(b) = -b**2 + 11*b + 6. Let x be t(c). Suppose 3*a = 9*a - x. Let d(v) = -v**2 + 7*v - 7. Give d(a).
-1
Let x(g) = 5*g. Let h(o) = -3*o + 1. Let b(c) = 3*h(c) + 2*x(c). Determine b(5).
8
Let h(q) be the third derivative of 7*q**6/30 - q**5/60 - q**2. Suppose 0 = 232*j - 214*j + 18. Determine h(j).
-29
Let q(p) = p + 5. Let c(n) = -2*n - 2. Let r(y) = 2*c(y) + 3*q(y). Calculate r(11).
0
Let c(a) be the third derivative of a**6/120 - a**5/60 - a**4/4 + a**3/2 + 365*a**2. Calculate c(2).
-5
Let l(i) = 12*i**3 + 8*i**2 + 12*i + 8. Let m(k) = 19*k**3 + 12*k**2 + 18*k + 12. Let y(o) = -8*l(o) + 5*m(o). What is y(-3)?
5
Let l(y) be the second derivative of -y**5/20 + 2*y**4/3 - 2*y**3 - 3*y**2/2 + 132*y. Determine l(6).
-3
Let m = 50 + -45. Suppose 15 - 5 = m*u. Let i(p) = -2*p**2 + 2*p - 3. Determine i(u).
-7
Let z(w) be the second derivative of w**5/20 - w**4 + w**3/6 + 9*w**2/2 + 731*w. Calculate z(12).
21
Let y(r) = r**3 - 6*r**2 + 5*r + 3. Suppose t = 3*t. Let h = t - 2. Let p be (-3 + 1)/(1/h). Determine y(p).
-9
Let q = 1580 + -1577. Let c(d) = -d**2 + 2*d + 1. Determine c(q).
-2
Let p(b) = b**3 - 4*b**2 - 3*b + 2. Let r(o) = -o**2 + 11*o - 20. Let k be r(8). Suppose 4*u - u + 25 = 4*j, -4*j + k = 4*u. Calculate p(j).
-10
Let r(v) be the second derivative of v**5/120 - v**4/24 - 7*v**3/3 + v. Let b(i) be the second derivative of r(i). Give b(6).
5
Let s(d) = d**3 + d**2 + d + 1. Let l be s(-1). Let w be l + 1 - (-2 + 6). Let q(k) = -5*k + 2 + 0*k**2 + 5*k - k**2. Calculate q(w).
-7
Let s(g) = 2*g**3 - 25*g**2 - 14*g + 15. Let a be s(13). Let m(o) be the first derivative of -1/2*o**a + 2*o + 6. Determine m(0).
2
Let v(m) = -m**2 + 2*m - 10. Let a be v(4). Let n be ((-9)/a)/((-2)/(-12)). Let h(u) = -u**2 + u - 2. Give h(n).
-8
Let k(u) = 6*u**3 + u**2 - 2*u + 3. Let s = -1277 - -1279. Calculate k(s).
51
Let c(q) be the first derivative of -q**3/3 + 5*q**2/2 - 8*q + 93. What is c(5)?
-8
Let n(w) be the first derivative of -3*w**3 + 1/4*w**4 + 4*w**2 + 16 + 0*w. Calculate n(8).
0
Let x(v) = v**3 + 3. Let l be (-60)/(-33) + (-6)/(-33). Suppose -3*t + 9 = 4*r, 4*r - 5 = 3*r + l*t. Determine x(r).
30
Let j(k) = 75*k**2 + 2 + k**3 - 3 - 76*k**2 + k + 4 - 4*k. What is j(2)?
1
Let d(p) = -p - 6. Let w be -15*(-1 + 2)/((-3)/(-2)). Let r be d(w). Let s(y) = 0*y - 2*y + 0 + 2. Determine s(r).
-6
Let y(k) = -7*k**3 - 4*k - 7. Let q = 131 - 125. Let b(w) = 6*w**3 + w**2 + 3*w + 6. Let i(z) = q*b(z) + 5*y(z). Determine i(-6).
13
Suppose -4*i = -3*l + 781, -4*l + 4*i = l - 1291. Let p be 1/10 + l/(-50). Let g(h) = h**2 + 8*h + 3. Give g(p).
-12
Let z(o) = 17*o - 11. Let u(c) = -8*c. Let a be u(1). Let t(v) = 11*v - 7. Let w(q) = a*t(q) + 5*z(q). Give w(5).
-14
Let t(l) = l + 15. Suppose 2*b - 2 = -4, 3*u + 2*b = -23. Give t(u).
8
Let p(m) = -3*m - 11. Let o(t) = t**3 - 3*t**2 - 6*t + 16. Let j be o(3). Calculate p(j).
-5
Let a(o) = 5*o**2 - 5*o - 2. Let w(k) = -4*k**2 + 4*k + 1. Let s(r) = 3*a(r) + 4*w(r). What is s(-3)?
-14
Let v(x) = x + 18. Let t = 36 + -54. Let q = t - -10. Calculate v(q).
10
Let s(z) = 69*z + 22*z + 14 - 104*z + 18*z. Determine s(6).
44
Let t(w) = w**2 + 7*w. Let p = 31 + -28. Suppose -h = 3*q + 64, -h = p*q + h + 68. Let v = -27 - q. What is t(v)?
0
Let o(j) = 3865 - 2*j - 3865 - 2*j. Calculate o(4).
-16
Let g(c) = 6*c**2 - 6*c - 1. Let q(s) = -5*s**2 + 5*s + 1. Let a(z) = -6*g(z) - 7*q(z). Let k = 1087 - 1084. What is a(k)?
-7
Let x be 46/(-6) - 1/3. Let p(q) = -23*q - 7 - 31*q + 53*q. Determine p(x).
1
Suppose 10*a - 23 - 67 = 0. Suppose a = -6*f + 45. Let h(x) = -x**2 + 5*x - 4. What is h(f)?
-10
Let b(h) = 4*h + 60 - 3*h - 57. Suppose 2*f = -3*s - 5, 4*f = -s - f - 6. Let x be (2 - (1 + 1))/s. Give b(x).
3
Let b(s) be the first derivative of -s**4/2 + s**3 - 260. What is b(2)?
-4
Let o(w) be the first derivative of w**5/20 + w**4/2 + w**3/3 + 2*w**2 - w + 13. Let n(m) be the first derivative of o(m). Give n(-5).
19
Let a be (-1464)/(-52) + 2/(-13). Let o = -25 + a. Let s(x) = -x - 2. Calculate s(o).
-5
Let u be ((-490)/(-42) - 9)/(2/(-3)). Let 